
What is the tens digit of 67030985?
8
What is the ten millions digit of 24170388?
2
What is the hundred millions digit of 998648613?
9
What is the millions digit of 21417703?
1
What is the hundreds digit of 3628281162?
1
What is the units digit of 21106157?
7
What is the hundreds digit of 53117405?
4
What is the thousands digit of 31074874?
4
What is the thousands digit of 67475694?
5
What is the ten thousands digit of 82818805?
1
What is the hundred millions digit of 6281423155?
2
What is the billions digit of 3065118717?
3
What is the ten millions digit of 66761398?
6
What is the ten millions digit of 717291134?
1
What is the ten thousands digit of 211763774?
6
What is the tens digit of 311144826?
2
What is the thousands digit of 76498423?
8
What is the hundreds digit of 54988346?
3
What is the hundreds digit of 1020932785?
7
What is the hundred thousands digit of 881593823?
5
What is the ten thousands digit of 593670779?
7
What is the hundreds digit of 245340654?
6
What is the ten millions digit of 55024249?
5
What is the millions digit of 105137471?
5
What is the tens digit of 58291762?
6
What is the units digit of 42075918?
8
What is the thousands digit of 2551816?
1
What is the hundred thousands digit of 1400268428?
2
What is the tens digit of 525437924?
2
What is the tens digit of 65322312?
1
What is the millions digit of 4843731288?
3
What is the hundred thousands digit of 378051911?
0
What is the tens digit of 833571786?
8
What is the ten millions digit of 245348444?
4
What is the ten thousands digit of 356155882?
5
What is the ten thousands digit of 190826832?
2
What is the hundred thousands digit of 22526303?
5
What is the millions digit of 298688220?
8
What is the millions digit of 56746118?
6
What is the thousands digit of 1980293011?
3
What is the units digit of 313945092?
2
What is the tens digit of 41783636?
3
What is the ten millions digit of 204014506?
0
What is the ten millions digit of 692980365?
9
What is the millions digit of 316072448?
6
What is the tens digit of 91049397?
9
What is the tens digit of 16362679?
7
What is the hundred millions digit of 5172699231?
1
What is the millions digit of 1351250255?
1
What is the millions digit of 26139317?
6
What is the tens digit of 192659287?
8
What is the hundred millions digit of 1311728617?
3
What is the units digit of 648098278?
8
What is the units digit of 36005765?
5
What is the thousands digit of 809545286?
5
What is the ten thousands digit of 2290358133?
5
What is the hundreds digit of 585568695?
6
What is the hundreds digit of 1725781075?
0
What is the units digit of 125251681?
1
What is the ten millions digit of 1331261276?
3
What is the units digit of 244738924?
4
What is the ten thousands digit of 524742553?
4
What is the hundreds digit of 1733808791?
7
What is the hundred thousands digit of 386998052?
9
What is the thousands digit of 33142552?
2
What is the hundreds digit of 188829162?
1
What is the ten millions digit of 10875470?
1
What is the tens digit of 94437807?
0
What is the hundred thousands digit of 108517143?
5
What is the ten millions digit of 3344827143?
4
What is the ten millions digit of 277088396?
7
What is the hundred thousands digit of 8642868?
6
What is the units digit of 252892478?
8
What is the ten millions digit of 16296433?
1
What is the ten thousands digit of 30170811?
7
What is the millions digit of 63997870?
3
What is the tens digit of 124072282?
8
What is the units digit of 892122861?
1
What is the hundred thousands digit of 144932702?
9
What is the hundreds digit of 1435156879?
8
What is the ten thousands digit of 33251453?
5
What is the ten thousands digit of 47242214?
4
What is the hundred millions digit of 101691647?
1
What is the hundred thousands digit of 1256849741?
8
What is the hundred millions digit of 294046231?
2
What is the tens digit of 85156386?
8
What is the tens digit of 154274798?
9
What is the thousands digit of 42399777?
9
What is the hundred millions digit of 1229647831?
2
What is the units digit of 22776631?
1
What is the units digit of 164918939?
9
What is the ten millions digit of 75978812?
7
What is the hundred millions digit of 230963314?
2
What is the thousands digit of 251620438?
0
What is the millions digit of 7951470424?
1
What is the tens digit of 82559410?
1
What is the hundreds digit of 61766178?
1
What is the hundreds digit of 1000257568?
5
What is the ten thousands digit of 69904226?
0
What is the hundreds digit of 585217670?
6
What is the hundred millions digit of 304978154?
3
What is the ten thousands digit of 94403490?
0
What is the thousands digit of 3643907222?
7
What is the units digit of 330744941?
1
What is the hundred millions digit of 6095097569?
0
What is the ten millions digit of 55992675?
5
What is the ten millions digit of 46679357?
4
What is the hundreds digit of 220173227?
2
What is the tens digit of 393403388?
8
What is the hundreds digit of 1522052210?
2
What is the units digit of 232643242?
2
What is the ten millions digit of 203424372?
0
What is the ten thousands digit of 60698916?
9
What is the ten thousands digit of 817692906?
9
What is the ten thousands digit of 328360957?
6
What is the thousands digit of 3212030?
2
What is the hundreds digit of 420264044?
0
What is the millions digit of 2201041958?
1
What is the millions digit of 57387822?
7
What is the hundred thousands digit of 1724838264?
8
What is the millions digit of 111440133?
1
What is the ten thousands digit of 291048993?
4
What is the millions digit of 2204184201?
4
What is the hundred thousands digit of 15184840?
1
What is the ten millions digit of 1620784217?
2
What is the hundreds digit of 104400740?
7
What is the tens digit of 201931831?
3
What is the thousands digit of 119907973?
7
What is the units digit of 97822170?
0
What is the tens digit of 103368280?
8
What is the units digit of 4274619702?
2
What is the hundreds digit of 5566713632?
6
What is the millions digit of 7101705?
7
What is the thousands digit of 2632245?
2
What is the ten millions digit of 208183314?
0
What is the hundred thousands digit of 75094653?
0
What is the hundreds digit of 354185272?
2
What is the hundreds digit of 151238537?
5
What is the hundreds digit of 169474222?
2
What is the thousands digit of 222075289?
5
What is the millions digit of 47633873?
7
What is the thousands digit of 930945988?
5
What is the hundreds digit of 2681452329?
3
What is the units digit of 120289066?
6
What is the billions digit of 6934109863?
6
What is the hundred thousands digit of 244877664?
8
What is the hundreds digit of 4215629439?
4
What is the hundred thousands digit of 78291486?
2
What is the hundred millions digit of 241815408?
2
What is the ten millions digit of 407382039?
0
What is the ten thousands digit of 248767560?
6
What is the millions digit of 735041858?
5
What is the thousands digit of 6137646?
7
What is the hundreds digit of 63669717?
7
What is the tens digit of 137351883?
8
What is the ten thousands digit of 1027791310?
9
What is the ten millions digit of 1815312328?
1
What is the ten millions digit of 663128841?
6
What is the hundreds digit of 248141842?
8
What is the hundred millions digit of 1575886345?
5
What is the units digit of 621782287?
7
What is the hundreds digit of 2195165866?
8
What is the millions digit of 186590716?
6
What is the ten millions digit of 6981871589?
8
What is the ten millions digit of 24394177?
2
What is the hundred millions digit of 265122286?
2
What is the millions digit of 160959441?
0
What is the hundreds digit of 323497104?
1
What is the units digit of 631399428?
8
What is the thousands digit of 189802092?
2
What is the thousands digit of 400848764?
8
What is the ten thousands digit of 209654966?
5
What is the thousands digit of 330622976?
2
What is the ten thousands digit of 329153971?
5
What is the thousands digit of 405758094?
8
What is the ten millions digit of 137340537?
3
What is the units digit of 221748397?
7
What is the hundreds digit of 1263742307?
3
What is the hundred thousands digit of 2442659826?
6
What is the units digit of 15453989?
9
What is the thousands digit of 412180050?
0
What is the ten millions digit of 55787330?
5
What is the ten millions digit of 21763704?
2
What is the thousands